 h(3). Let k(f) be the third derivative of -f**6/120 - f**5/20 - f**4/24 + 3*f**2 + 6*f. Calculate k(y).
3
Let q(z) = -11*z - 69. Let c be q(-7). Let g(n) = -n**3 + 8*n**2 - n + 5. Calculate g(c).
-3
Let c(b) = -29*b + 2. Suppose 66*g - 53*g = 13. Give c(g).
-27
Let m(n) = n**2 + n - 1. Let a(s) = -7*s**2 - 11*s + 8. Let i(g) = g + 1. Let q be i(0). Let t(x) = q*a(x) + 6*m(x). What is t(-6)?
-4
Suppose 10 = r + r, -4*r = 5*v - 105. Let u = v + -14. Let z(i) = -u*i + 1 + i + i. Determine z(-1).
2
Let o(w) = -w + 2. Let v = -2728 + 2743. Determine o(v).
-13
Let k be 1/(-4) + (5 - (-94)/(-8)). Let c(p) be the first derivative of p**4/4 + 2*p**3 - 7*p**2/2 - 7*p - 1. Give c(k).
-7
Let g(r) = r - 5. Let k be g(6). Suppose -4*i - k = -3*i. Let f(b) = b**3 + 1. Give f(i).
0
Let n(q) = q - 5. Suppose 0 = 2*r + 4*v - 30, -5*r + 4*r = 4*v - 23. Let z be n(r). Let y(l) be the first derivative of 2*l**3/3 - l**2 + 3*l + 40. Give y(z).
7
Let x(r) = -r**2 - r + 3. Suppose 2*n - 21*v = -19*v - 16, 0 = -n - v + 2. What is x(n)?
-3
Let a(y) be the first derivative of y**3/3 - y**2 - 4*y - 58. What is a(-3)?
11
Let s(u) = -2*u - 3. Suppose 6 = g + 7, 4*i = -g - 25. Let d = i - -10. Suppose -x + 0*k - 2*k - 4 = 0, -3*x + d*k - 12 = 0. Determine s(x).
5
Let t(x) = -14*x - 30. Let r be t(-2). Let m be (4/(-6))/(6*r/(-234)). Let p(h) = -h**3 - 14*h**2 - 13*h - 4. What is p(m)?
-4
Let z(b) be the third derivative of -b**5/60 + 19*b**4/24 - 4*b**3 + b**2 - 107*b. Determine z(18).
-6
Suppose 3*o = 5*c + 115, 3*o = -0*c + 4*c + 110. Suppose -o = 4*n + 2. Let x = n - -12. Let m(a) = -a + 9. Determine m(x).
5
Let k(h) be the third derivative of -h**7/1008 - h**6/90 + h**5/20 + 21*h**2. Let t(i) be the third derivative of k(i). Calculate t(-6).
22
Let l(j) be the third derivative of -j**6/120 - j**5/5 - 5*j**4/12 + 3*j**3/2 - 87*j**2. Calculate l(-11).
-2
Let z(v) be the second derivative of 1/6*v**3 + 0 + 2*v - 7/2*v**2. Let q(w) = -w - 4. Let n be q(-4). Determine z(n).
-7
Let g = 2 + 4. Let n(b) = 6 - 9*b - b**3 + 3*b - 6*b**2 + g*b. Let k = -4 - 2. Calculate n(k).
6
Let f(h) = h**3 - 3*h**2 - h. Let r(a) = 3*a**3 - 27*a**2 - 3*a + 22. Let l(w) = -4*f(w) + r(w). Determine l(-15).
7
Let r(b) = b**2 + b - 2. Let t = -4 - -7. Suppose -2*a = -2*s - 2, -t*s + 4*a = 2*a + 6. What is r(s)?
10
Let o(l) be the third derivative of -43*l**6/120 - l**5/30 + l**3/6 - 402*l**2. Determine o(1).
-44
Let i(h) be the second derivative of h**3/3 - 25*h**2 - 520*h. What is i(0)?
-50
Let z(u) = -3*u**2 - 7*u + 3. Let s(w) = -7*w**2 - 15*w + 5. Let a(d) = 2*s(d) - 5*z(d). Suppose -27*y + 1 = 163. Determine a(y).
1
Let y(v) = v**2 - v. Suppose 7 = -31*m + 24*m. Determine y(m).
2
Suppose -3*x + 2*h = -10, -2*h = -4*x - 0*h + 12. Suppose x*m = 4*m. Let b(o) = -o**3 - o**2 + 3*o**2 - o**2. Calculate b(m).
0
Let q(g) be the first derivative of -1/3*g**3 + 13 - 3*g**2 - 4*g. Calculate q(-4).
4
Let q(c) = -3*c - 1. Suppose 5*b + 34 - 14 = 0. Let n be (b/2)/(11/(-22)). Determine q(n).
-13
Let j(h) be the first derivative of -2*h**3/3 - 5*h**2/2 - 4*h + 168. Give j(-4).
-16
Let h(s) be the second derivative of -s**5/60 - 11*s**2 + 9*s. Let d(a) be the first derivative of h(a). Determine d(1).
-1
Let j = -106 + 102. Let p(q) = q**3 + 5*q + 6. What is p(j)?
-78
Let x(d) be the third derivative of d**4/12 - d**3/6 + 2*d**2 - 16*d. Calculate x(0).
-1
Suppose 4*p + 2*n = 4*n + 12, 8 = 5*p + n. Let j(g) = 4*g**2 + 5*g**p - 8*g**2 - 1 - g**3. Determine j(1).
-1
Suppose -3*q + 8*q - 3*m = 23, 3*q + 3*m = 9. Let y(t) = -t**2 + 5*t - 2. Calculate y(q).
2
Let w(q) be the third derivative of -q**6/120 + 4*q**5/15 - 7*q**4/12 - 7*q**3/2 - 7*q**2 + 16. What is w(15)?
-6
Let d be (4 + -1)/((-3)/28). Let s be d/(-10) + (-1)/(-5). Suppose y + 4*z + 13 = 0, -2 + 8 = -s*z. Let t(j) = -j - 5. Calculate t(y).
0
Let s(d) be the second derivative of d**5/20 + d**4/4 - d**3/2 - 5*d**2/2 - d. Let y = 6 + -10. Give s(y).
-9
Let w(m) = -m**2 + 16*m + 7. Let o(b) = 11*b - 270. Let r be o(26). What is w(r)?
7
Let w(c) be the first derivative of 3*c**2/2 + 3*c + 210. Suppose r + 5 = -2. Determine w(r).
-18
Suppose -4*a - a = 5. Let z(p) = -4*p**2 - 2*p**2 + 2*p**2 - 2*p - 1. Calculate z(a).
-3
Let p(u) be the first derivative of -u**4/4 + u**2/2 - 4*u - 78. Determine p(3).
-28
Suppose 0 = 13*v - 8*v - 76435. Let d(o) = 3*o - v + 15287. What is d(1)?
3
Let f(x) be the second derivative of -x**3/3 - 3*x**2/2 - 3284*x. Let s = -10 - -18. What is f(s)?
-19
Let a(u) = -u**2 - 8*u - 1 - 12*u + 12*u. What is a(-4)?
15
Let h(a) be the third derivative of a**6/120 + a**5/30 + a**4/8 + a**3/2 + a**2. Let r(g) = 12*g - 375. Let f be r(31). What is h(f)?
-15
Let h(w) = 12*w - 8*w - 8*w + 22 + 1 + 4. What is h(6)?
3
Suppose -3*m - 3*z = 3, 4*z - 2 = -5*m - 10. Let r(v) be the second derivative of v**4/12 - v**3/6 - v**2 + 28*v. Calculate r(m).
18
Let j be 1/4 + (-85)/20. Let u be 3*(1 - j/(-6)). Let z(s) = -2091 + 2090 - 7*s - 2*s. Calculate z(u).
-10
Suppose -56*w = -60*w + 124. Let h(z) = 28*z**2 - z**3 - 2 + 1 - w*z**2 - 3*z + 2*z**3. What is h(4)?
3
Let c(t) = 3. Let f(n) = 5*n**2 + 4*n + 4. Let u(g) = -g**2 - g. Let i(d) = -f(d) - 4*u(d). Let z(a) = -3*c(a) - 2*i(a). Let v be 8/6 + 1/(-3). Determine z(v).
1
Let x(c) = 13*c**3 - 3*c**2 + 8*c + 27. Let v(b) = 7*b**3 - b**2 + 4*b + 14. Let i(l) = 11*v(l) - 6*x(l). Determine i(6).
4
Let x be (2 - -8)*(-3)/(-5). Suppose x*a + 9 = 3*a, 5*a = -3*m - 15. Suppose -g = 3*o + 6 + 10, -2*o + 4*g - 6 = m. Let t(p) = -p - 4. Calculate t(o).
1
Let c(x) = x**2 - 11*x + 3. Let g be 4/(-2)*(-54)/12. Determine c(g).
-15
Let f be 90/(-70)*14/(-3). Let m(s) = -7*s**2 + 7*s + 4. Let o(h) = -20*h**2 + 21*h + 11. Let b(i) = -17*m(i) + 6*o(i). Determine b(f).
4
Let c(h) be the first derivative of 9*h**2/2 + 2*h - 91. Determine c(-1).
-7
Let d(k) be the third derivative of k**8/6720 - k**7/840 + k**6/720 + k**5/120 - 15*k**4/8 + 38*k**2. Let z(b) be the second derivative of d(b). Determine z(2).
-1
Suppose -r = 1 - 4. Suppose 0*c - 6 = -r*c. Let d(o) = o**c + 0*o + 2 - 10*o + 5*o - 3*o. Give d(6).
-10
Let g = 2 - 4. Let f be -1*(5*-1 - g). Let j(l) be the first derivative of -l**3/3 + 103. Determine j(f).
-9
Let x(w) be the second derivative of w**5/20 - 5*w**4/12 + w**3/2 - 11*w - 1. Calculate x(5).
15
Suppose -6 = -5*w + 14. Let v(l) = w*l + 3 - l - l**2 - 7*l. Give v(-5).
-2
Suppose 5*t - 156 = -91. Let h(d) = -d**3 + 13*d**2 + d - 17. Determine h(t).
-4
Let q(y) = 9*y**2 - 2*y**2 + 3*y**3 - 2*y**3 - y**2. Let i = -26 - -20. What is q(i)?
0
Let w(a) = a**3 - 4*a**2 + 3. Let j(t) = t**2 + 15*t + 53. Let m be j(-10). What is w(m)?
-6
Suppose -4 = 3*q - 2*q - 2*k, 5*q + 25 = 5*k. Let i be (-1)/2 + (-27)/q. Let h(j) be the second derivative of j**5/20 - j**4/4 - j**3/3 - j**2 - j. Give h(i).
6
Let m(q) = -2*q - 15. Let t(g) = 5*g + 31. Let b(v) = 9*m(v) + 4*t(v). Let s(h) = -h**2 + 7*h + 4. Let d be s(6). Determine b(d).
9
Let m(d) = 6*d - 12. Let y(c) = 6*c - 15. Let n(j) = -6*m(j) + 5*y(j). Give n(-9).
51
Let h(r) = 6*r + 35. Let n(k) = 2*k + 15. Let t(o) = 6*h(o) - 15*n(o). What is t(5)?
15
Let i(c) = -c**3 + 7*c**2 + 8*c + 10. Let o(m) = m**3 - 6*m**2 - 7*m - 9. Let j(f) = 5*i(f) + 6*o(f). Calculate j(3).
8
Let x(s) = -5*s. Let z(n) = -11*n + 283. Let t be z(26). What is x(t)?
15
Let n(v) = -8*v**3 + v. Let b be n(-1). Let l = 11 - b. Let s be -7*(-7)/(49/l). Let f(t) = t**2 - 4*t + 5. Calculate f(s).
5
Let x = 33 - 39. Let o(r) = 2*r - 9. Let l(m) = m - 8. Let p(v) = x*o(v) + 7*l(v). Give p(-6).
28
Let i = 58 + -52. Let b(n) be the second derivative of n**4/12 - 5*n**3/6 + 2*n**2 + 2*n. Calculate b(i).
10
Let j = 36 + -32. Let a(c) = -7*c + 4*c + c**2 - 4*c + j. What is a(5)?
-6
Let r(b) = 154*b + 47*b**3 + 8 - 7*b**2 - 24*b**3 - 149*b - 22*b**3. Suppose 5*q - 2 - 20 = 2*t, 5*q - 10 = 5*t. Determine r(q).
2
Let v(d) = -3*d**3 + 4*d**2 + 4. Let w(h) = 21*h**3 - 27*h**2 - 27. Let n(l) = 27*v(l) + 4*w(l). Determine n(1).
3
Let k = 18 + -15. Let g(i) = i**3 + 113*i - 231*i + 121*i + 2 + k*i**2. Let m(a) = a**2 - 4*a. Let h be m(3). Give g(h).
-7
Let d be (-16)/6*(-21)/14. Let j(p) = 7*p + 3. Let z(m) = -13*m - 5. Let l(u) = d*z(u) + 7*j(u). Let s = -15 - -16. Give l(s).
-2
Let l(q) be the third derivative o